{"id":196,"date":"2022-09-24T19:18:46","date_gmt":"2022-09-24T17:18:46","guid":{"rendered":"https:\/\/www.interaktivni-formulare.cz\/mevakvr\/?page_id=196"},"modified":"2022-11-26T17:17:08","modified_gmt":"2022-11-26T16:17:08","slug":"samoodecet-spotreby-pitne-vody-odvadenych-odpadnich-vod","status":"publish","type":"page","link":"https:\/\/www.interaktivni-formulare.cz\/mevakvr\/samoodecet-spotreby-pitne-vody-odvadenych-odpadnich-vod\/","title":{"rendered":"Samoode\u010det spot\u0159eby pitn\u00e9 vody \/ odv\u00e1d\u011bn\u00fdch odpadn\u00edch vod"},"content":{"rendered":"\n<div class=\"wp-block-contact-form-7-contact-form-selector\">\n<div class=\"wpcf7 no-js\" id=\"wpcf7-f5-o1\" lang=\"cs-CZ\" dir=\"ltr\" data-wpcf7-id=\"5\">\n<div class=\"screen-reader-response\"><p role=\"status\" aria-live=\"polite\" aria-atomic=\"true\"><\/p> <ul><\/ul><\/div>\n<form action=\"\/mevakvr\/wp-json\/wp\/v2\/pages\/196#wpcf7-f5-o1\" method=\"post\" class=\"wpcf7-form init\" aria-label=\"Kontaktn\u00ed formul\u00e1\u0159\" novalidate=\"novalidate\" data-status=\"init\">\n<fieldset class=\"hidden-fields-container\"><input type=\"hidden\" name=\"_wpcf7\" value=\"5\" \/><input type=\"hidden\" name=\"_wpcf7_version\" value=\"6.1.5\" \/><input type=\"hidden\" name=\"_wpcf7_locale\" value=\"cs_CZ\" \/><input type=\"hidden\" name=\"_wpcf7_unit_tag\" value=\"wpcf7-f5-o1\" \/><input type=\"hidden\" name=\"_wpcf7_container_post\" value=\"0\" \/><input type=\"hidden\" name=\"_wpcf7_posted_data_hash\" value=\"\" \/><input type=\"hidden\" name=\"_wpcf7cf_hidden_group_fields\" value=\"[]\" \/><input type=\"hidden\" name=\"_wpcf7cf_hidden_groups\" value=\"[]\" \/><input type=\"hidden\" name=\"_wpcf7cf_visible_groups\" value=\"[]\" \/><input type=\"hidden\" name=\"_wpcf7cf_repeaters\" value=\"[]\" \/><input type=\"hidden\" name=\"_wpcf7cf_steps\" value=\"{}\" \/><input type=\"hidden\" name=\"_wpcf7cf_options\" value=\"{&quot;form_id&quot;:5,&quot;conditions&quot;:[],&quot;settings&quot;:{&quot;animation&quot;:&quot;yes&quot;,&quot;animation_intime&quot;:200,&quot;animation_outtime&quot;:200,&quot;conditions_ui&quot;:&quot;normal&quot;,&quot;notice_dismissed&quot;:true,&quot;repeater_remove_button&quot;:&quot;bottom&quot;}}\" \/>\n<\/fieldset>\n<div class=\"wpcf7-turnstile cf-turnstile\" data-sitekey=\"0x4AAAAAACuHYMOHG8zefOXx\" data-response-field-name=\"_wpcf7_turnstile_response\"><\/div>\n\n<div class=\"block_kontakt\">\n    \n<div class=\"col-xs-12 col-sm-6 contact_item\">\n<label>Jm\u00e9no a p\u0159\u00edjmen\u00ed odb\u011bratele \/ Organizace: <span class=\"znak\">*<\/span>\n    <span class=\"wpcf7-form-control-wrap\" data-name=\"jmeno_a_prijmeni\"><input size=\"40\" maxlength=\"400\" class=\"wpcf7-form-control wpcf7-text wpcf7-validates-as-required\" aria-required=\"true\" aria-invalid=\"false\" value=\"\" type=\"text\" name=\"jmeno_a_prijmeni\" \/><\/span> <\/label>\n<\/div>\n\n<div class=\"col-xs-12 col-sm-6 contact_item\">\n<label>Adresa odb\u011brn\u00e9ho m\u00edsta: <span class=\"znak\">*<\/span>\n    <span class=\"wpcf7-form-control-wrap\" data-name=\"ulice_psc\"><input size=\"40\" maxlength=\"400\" class=\"wpcf7-form-control wpcf7-text wpcf7-validates-as-required\" aria-required=\"true\" aria-invalid=\"false\" value=\"\" type=\"text\" name=\"ulice_psc\" \/><\/span> <\/label>\n<\/div>\n\n<div class=\"col-xs-12 col-sm-3 contact_item\">\n<label>Stav m\u011b\u0159idla (vodom\u011bru): <span class=\"znak\">*<\/span>\n    <span class=\"wpcf7-form-control-wrap\" data-name=\"stav_vodomeru\"><input class=\"wpcf7-form-control wpcf7-number wpcf7-validates-as-required wpcf7-validates-as-number\" min=\"0\" aria-required=\"true\" aria-invalid=\"false\" value=\"\" type=\"number\" name=\"stav_vodomeru\" \/><\/span> <\/label>\n<\/div>\n\n<div class=\"col-xs-12 col-sm-3 contact_item\">\n<label>Datum ode\u010dtu: <span class=\"znak\">*<\/span>\n    <span class=\"wpcf7-form-control-wrap\" data-name=\"datum_odectu\"><input class=\"wpcf7-form-control wpcf7-date wpcf7-validates-as-required wpcf7-validates-as-date\" min=\"2022-08-01\" aria-required=\"true\" aria-invalid=\"false\" value=\"\" type=\"date\" name=\"datum_odectu\" \/><\/span> <\/label> \n<\/div>\n\n<div class=\"col-xs-12 col-sm-6 contact_item\">\n<label>E-mail:\n    <span class=\"wpcf7-form-control-wrap\" data-name=\"email\"><input size=\"40\" maxlength=\"400\" class=\"wpcf7-form-control wpcf7-email wpcf7-text wpcf7-validates-as-email\" aria-invalid=\"false\" value=\"\" type=\"email\" name=\"email\" \/><\/span> <\/label>\n<\/div>\n\n<div class=\"col-xs-12 col-sm-6 contact_item\">\n<label>Telefon:\n    <span class=\"wpcf7-form-control-wrap\" data-name=\"telefon\"><input size=\"40\" maxlength=\"400\" class=\"wpcf7-form-control wpcf7-tel wpcf7-text wpcf7-validates-as-tel\" aria-invalid=\"false\" value=\"\" type=\"tel\" name=\"telefon\" \/><\/span> <\/label>\n<\/div>\n\n<div class=\"col-xs-12 contact_item_textarea\">\n<label>Pozn\u00e1mky:\n    <span class=\"wpcf7-form-control-wrap\" data-name=\"poznamky\"><textarea cols=\"40\" rows=\"10\" maxlength=\"2000\" class=\"wpcf7-form-control wpcf7-textarea\" aria-invalid=\"false\" name=\"poznamky\"><\/textarea><\/span> <\/label>\n<\/div>\n    \n<\/div>\n\n<div class=\"block_kontakt\">\n\n<div class=\"col-xs-12\">\n        <div class=\"wpcf7-response-output\" aria-hidden=\"true\"><\/div>\n<\/div>\n\n<div class=\"col-xs-12 col-sm-6 contact_item\">\n<div class=\"flexpotvrzeni\"><span class=\"wpcf7-form-control-wrap\" data-name=\"potvrzeni\"><span class=\"wpcf7-form-control wpcf7-acceptance\"><span class=\"wpcf7-list-item\"><label><input type=\"checkbox\" name=\"potvrzeni\" value=\"1\" aria-invalid=\"false\" \/><span class=\"wpcf7-list-item-label\">Potvrzujeme, \u017ee jsme se sezn\u00e1mili s informac\u00ed <a href=\"\/mevakvr\/zasady-ochrany-osobnich-udaju\/\">o zpracov\u00e1n\u00ed osobn\u00edch \u00fadaj\u016f<\/a>.<\/span><\/label><\/span><\/span><\/span><\/div>\n<\/div>\n\n<div class=\"col-xs-12 col-sm-6 contact_item\">\n<input class=\"wpcf7-form-control wpcf7-submit has-spinner\" type=\"submit\" value=\"Odeslat\" \/>\n<\/div>\n    \n<\/div>\n<\/form>\n<\/div>\n<\/div>\n","protected":false},"excerpt":{"rendered":"","protected":false},"author":1,"featured_media":0,"parent":0,"menu_order":0,"comment_status":"closed","ping_status":"closed","template":"","meta":{"footnotes":""},"class_list":["post-196","page","type-page","status-publish","hentry"],"_links":{"self":[{"href":"https:\/\/www.interaktivni-formulare.cz\/mevakvr\/wp-json\/wp\/v2\/pages\/196","targetHints":{"allow":["GET"]}}],"collection":[{"href":"https:\/\/www.interaktivni-formulare.cz\/mevakvr\/wp-json\/wp\/v2\/pages"}],"about":[{"href":"https:\/\/www.interaktivni-formulare.cz\/mevakvr\/wp-json\/wp\/v2\/types\/page"}],"author":[{"embeddable":true,"href":"https:\/\/www.interaktivni-formulare.cz\/mevakvr\/wp-json\/wp\/v2\/users\/1"}],"replies":[{"embeddable":true,"href":"https:\/\/www.interaktivni-formulare.cz\/mevakvr\/wp-json\/wp\/v2\/comments?post=196"}],"version-history":[{"count":4,"href":"https:\/\/www.interaktivni-formulare.cz\/mevakvr\/wp-json\/wp\/v2\/pages\/196\/revisions"}],"predecessor-version":[{"id":294,"href":"https:\/\/www.interaktivni-formulare.cz\/mevakvr\/wp-json\/wp\/v2\/pages\/196\/revisions\/294"}],"wp:attachment":[{"href":"https:\/\/www.interaktivni-formulare.cz\/mevakvr\/wp-json\/wp\/v2\/media?parent=196"}],"curies":[{"name":"wp","href":"https:\/\/api.w.org\/{rel}","templated":true}]}}