{"id":71,"date":"2022-08-20T17:22:31","date_gmt":"2022-08-20T15:22:31","guid":{"rendered":"https:\/\/www.interaktivni-formulare.cz\/mevakvr\/?page_id=71"},"modified":"2022-11-26T12:54:22","modified_gmt":"2022-11-26T11:54:22","slug":"prezkouseni-meridla","status":"publish","type":"page","link":"https:\/\/www.interaktivni-formulare.cz\/mevakvr\/prezkouseni-meridla\/","title":{"rendered":"P\u0159ezkou\u0161en\u00ed m\u011b\u0159idla"},"content":{"rendered":"\n<div class=\"wp-block-contact-form-7-contact-form-selector\">\n<div class=\"wpcf7 no-js\" id=\"wpcf7-f73-o1\" lang=\"cs-CZ\" dir=\"ltr\" data-wpcf7-id=\"73\">\n<div class=\"screen-reader-response\"><p role=\"status\" aria-live=\"polite\" aria-atomic=\"true\"><\/p> <ul><\/ul><\/div>\n<form action=\"\/mevakvr\/wp-json\/wp\/v2\/pages\/71#wpcf7-f73-o1\" method=\"post\" class=\"wpcf7-form init\" aria-label=\"Kontaktn\u00ed formul\u00e1\u0159\" novalidate=\"novalidate\" data-status=\"init\">\n<fieldset class=\"hidden-fields-container\"><input type=\"hidden\" name=\"_wpcf7\" value=\"73\" \/><input type=\"hidden\" name=\"_wpcf7_version\" value=\"6.1.5\" \/><input type=\"hidden\" name=\"_wpcf7_locale\" value=\"cs_CZ\" \/><input type=\"hidden\" name=\"_wpcf7_unit_tag\" value=\"wpcf7-f73-o1\" \/><input type=\"hidden\" name=\"_wpcf7_container_post\" value=\"0\" \/><input type=\"hidden\" name=\"_wpcf7_posted_data_hash\" value=\"\" \/><input type=\"hidden\" name=\"_wpcf7cf_hidden_group_fields\" value=\"[]\" \/><input type=\"hidden\" name=\"_wpcf7cf_hidden_groups\" value=\"[]\" \/><input type=\"hidden\" name=\"_wpcf7cf_visible_groups\" value=\"[]\" \/><input type=\"hidden\" name=\"_wpcf7cf_repeaters\" value=\"[]\" \/><input type=\"hidden\" name=\"_wpcf7cf_steps\" value=\"{}\" \/><input type=\"hidden\" name=\"_wpcf7cf_options\" value=\"{&quot;form_id&quot;:73,&quot;conditions&quot;:[],&quot;settings&quot;:{&quot;animation&quot;:&quot;yes&quot;,&quot;animation_intime&quot;:200,&quot;animation_outtime&quot;:200,&quot;conditions_ui&quot;:&quot;normal&quot;,&quot;notice_dismissed&quot;:true}}\" \/>\n<\/fieldset>\n<div class=\"wpcf7-turnstile cf-turnstile\" data-sitekey=\"0x4AAAAAACuHYMOHG8zefOXx\" data-response-field-name=\"_wpcf7_turnstile_response\"><\/div>\n\n<div class=\"block_kontakt\">\n    \n<div class=\"col-xs-12\"><h3>Adresa m\u00edsta, kde je m\u011b\u0159idlo namontov\u00e1no<\/h3><\/div>\n\n<div class=\"col-xs-12 col-sm-6 contact_item\">\n<label>Ulice: <span class=\"znak\">*<\/span>\n    <span class=\"wpcf7-form-control-wrap\" data-name=\"ulice\"><input size=\"40\" maxlength=\"400\" class=\"wpcf7-form-control wpcf7-text wpcf7-validates-as-required\" aria-required=\"true\" aria-invalid=\"false\" value=\"\" type=\"text\" name=\"ulice\" \/><\/span> <\/label>\n<\/div>\n\n<div class=\"col-xs-12 col-sm-6 contact_item\">\n<label>\u010c\u00edslo popisn\u00e9 (stavebn\u00ed parcela):<span class=\"znak\">*<\/span>\n    <span class=\"wpcf7-form-control-wrap\" data-name=\"cislo_popisne\"><input size=\"40\" maxlength=\"400\" class=\"wpcf7-form-control wpcf7-text wpcf7-validates-as-required\" aria-required=\"true\" aria-invalid=\"false\" value=\"\" type=\"text\" name=\"cislo_popisne\" \/><\/span> <\/label>\n<\/div>\n\n<div class=\"col-xs-12 col-sm-3 contact_item\">\n<label>\u010c\u00edslo m\u011b\u0159idla (vodom\u011bru): <span class=\"znak\">*<\/span>\n    <span class=\"wpcf7-form-control-wrap\" data-name=\"cislo_vodomeru\"><input class=\"wpcf7-form-control wpcf7-number wpcf7-validates-as-required wpcf7-validates-as-number\" min=\"0\" aria-required=\"true\" aria-invalid=\"false\" value=\"\" type=\"number\" name=\"cislo_vodomeru\" \/><\/span> <\/label>\n<\/div>\n\n<div class=\"col-xs-12 col-sm-3 contact_item\">\n<label>\u010c\u00edslo odb\u011bru:\n    <span class=\"wpcf7-form-control-wrap\" data-name=\"cislo_odberu\"><input class=\"wpcf7-form-control wpcf7-number wpcf7-validates-as-number\" min=\"0\" aria-invalid=\"false\" value=\"\" type=\"number\" name=\"cislo_odberu\" \/><\/span> <\/label>\n<\/div>\n\n<div class=\"col-xs-12 col-sm-6 contact_item\">\n<label>Stav m\u011b\u0159idla (vodom\u011bru) m\u00b3: <span class=\"znak\">*<\/span>\n    <span class=\"wpcf7-form-control-wrap\" data-name=\"stav_vodomeru\"><input class=\"wpcf7-form-control wpcf7-number wpcf7-validates-as-required wpcf7-validates-as-number\" min=\"0\" aria-required=\"true\" aria-invalid=\"false\" value=\"\" type=\"number\" name=\"stav_vodomeru\" \/><\/span> <\/label>\n<\/div>\n\n<div class=\"col-xs-12 col-sm-6 contact_item\">\n<label>Term\u00edn demont\u00e1\u017ee vodom\u011bru (vy\u010dkejte na potvrzen\u00ed):<span class=\"znak\">*<\/span>\n    <span class=\"wpcf7-form-control-wrap\" data-name=\"datum_vymeny\"><input class=\"wpcf7-form-control wpcf7-date wpcf7-validates-as-required wpcf7-validates-as-date\" aria-required=\"true\" aria-invalid=\"false\" value=\"\" type=\"date\" name=\"datum_vymeny\" \/><\/span> <\/label>\n<\/div>\n    \n<\/div>\n\n<div class=\"block_kontakt\">\n    \n<div class=\"col-xs-12\"><h3>\u00dadaje o odb\u011brateli<\/h3><\/div>\n\n<div class=\"col-xs-12 col-sm-6 contact_item\">\n<label>Jm\u00e9no a p\u0159\u00edjmen\u00ed \/ Organizace: <span class=\"znak\">*<\/span>\n    <span class=\"wpcf7-form-control-wrap\" data-name=\"prih_jmeno\"><input size=\"40\" maxlength=\"400\" class=\"wpcf7-form-control wpcf7-text wpcf7-validates-as-required\" aria-required=\"true\" aria-invalid=\"false\" value=\"\" type=\"text\" name=\"prih_jmeno\" \/><\/span> <\/label>\n<\/div>\n\n<div class=\"col-xs-12 col-sm-6 contact_item\">\n<label>Adresa: <span class=\"znak\">*<\/span>\n    <span class=\"wpcf7-form-control-wrap\" data-name=\"prih_adresa\"><input size=\"40\" maxlength=\"400\" class=\"wpcf7-form-control wpcf7-text wpcf7-validates-as-required\" aria-required=\"true\" aria-invalid=\"false\" value=\"\" type=\"text\" name=\"prih_adresa\" \/><\/span> <\/label>\n<\/div>\n\n<div class=\"col-xs-12 col-sm-6 contact_item\">\n<label>E-mail:\n    <span class=\"wpcf7-form-control-wrap\" data-name=\"prih_email\"><input size=\"40\" maxlength=\"400\" class=\"wpcf7-form-control wpcf7-email wpcf7-text wpcf7-validates-as-email\" aria-invalid=\"false\" value=\"\" type=\"email\" name=\"prih_email\" \/><\/span> <\/label>\n<\/div>\n\n<div class=\"col-xs-12 col-sm-6 contact_item\">\n<label>Faktura\u010dn\u00ed adresa (pokud je rozd\u00edln\u00e1):\n    <span class=\"wpcf7-form-control-wrap\" data-name=\"prih_fakturacni\"><input size=\"40\" maxlength=\"400\" class=\"wpcf7-form-control wpcf7-text\" aria-invalid=\"false\" value=\"\" type=\"text\" name=\"prih_fakturacni\" \/><\/span> <\/label>\n<\/div>\n\n<div class=\"col-xs-12 col-sm-3 contact_item\">\n<label>Telefon: <span class=\"znak\">*<\/span>\n    <span class=\"wpcf7-form-control-wrap\" data-name=\"prih_telefon\"><input size=\"40\" maxlength=\"400\" class=\"wpcf7-form-control wpcf7-tel wpcf7-validates-as-required wpcf7-text wpcf7-validates-as-tel\" aria-required=\"true\" aria-invalid=\"false\" value=\"\" type=\"tel\" name=\"prih_telefon\" \/><\/span> <\/label>\n<\/div>\n\n<div class=\"col-xs-12 col-sm-3 contact_item\">\n<label>I\u010cO \/ Datum narozen\u00ed: <span class=\"znak\">*<\/span>\n    <span class=\"wpcf7-form-control-wrap\" data-name=\"prih_icodatum\"><input size=\"40\" maxlength=\"400\" class=\"wpcf7-form-control wpcf7-text wpcf7-validates-as-required\" aria-required=\"true\" aria-invalid=\"false\" value=\"\" type=\"text\" name=\"prih_icodatum\" \/><\/span> <\/label>\n<\/div>\n\n<\/div>\n\n<div class=\"block_kontakt\">\n    \n    <div class=\"col-xs-12\">\n        <p class=\"nobold\">Ve smyslu ustanoven\u00ed \u00a7 17 odst. 4 z\u00e1k. \u010d. 274\/2001 Sb. zjist\u00ed-li se p\u0159i zkou\u0161ce m\u011b\u0159idla vy\u017e\u00e1danou odb\u011bratelem, \u017ee \u00fadaje m\u011b\u0159idla nespl\u0148uj\u00ed po\u017eadavky stanoven\u00e9 z\u00e1konem \u010d. 505\/1990 Sb. ve zn\u011bn\u00ed z\u00e1kona 119\/200 Sb., uhrad\u00ed smluvn\u00ed strana, kter\u00e9 byla odchylka ku prosp\u011bchu druh\u00e9 smluvn\u00ed stran\u011b pen\u011b\u017en\u00ed rozd\u00edl, a to ode dne posledn\u00edho ode\u010dtu m\u011b\u0159idla p\u0159edch\u00e1zej\u00edc\u00edho \u017e\u00e1dosti o p\u0159ezkou\u0161en\u00ed m\u011b\u0159idla. N\u00e1klady spojen\u00e9 s p\u0159ezkou\u0161en\u00edm m\u011b\u0159idla hrad\u00ed dodavatel.<\/p>\n        <p class=\"nobold\">Zjist\u00ed-li se, \u017ee \u00fadaje m\u011b\u0159idla spl\u0148uj\u00ed podm\u00ednky dan\u00e9 z\u00e1konem 119\/2000Sb., hrad\u00ed n\u00e1klady spojen\u00e9 s v\u00fdm\u011bnou a p\u0159ezkou\u0161en\u00edm m\u011b\u0159idla odb\u011bratel. Pokud je m\u011b\u0159idlo vadn\u00fd, nefunk\u010dn\u00ed nebo ji\u017e uplynula lh\u016fta stanoven\u00e1 pro jeho pravideln\u00e9ho ov\u011b\u0159en\u00ed, hrad\u00ed n\u00e1klady spojen\u00e9 s jeho v\u00fdm\u011bnou a p\u0159ezkou\u0161en\u00edm dodavatel.<\/p>\n        <p class=\"nobold\">Dodavatel je povinen do 30 dn\u016f od doru\u010den\u00ed t\u00e9to \u017e\u00e1dosti o p\u0159ezkou\u0161en\u00ed m\u011b\u0159idla zajistit p\u0159ezkou\u0161en\u00ed m\u011b\u0159idla u autorizovan\u00e9 zku\u0161ebny a odb\u011bratel je povinen poskytnout mu k ode\u010dtu i v\u00fdm\u011bn\u011b m\u011b\u0159idla nezbytnou sou\u010dinnost.<\/p>\n    <\/div>\n    \n<\/div>\n\n<div class=\"col-xs-12\">\n        <div class=\"wpcf7-response-output\" aria-hidden=\"true\"><\/div>\n<\/div>\n\n<div class=\"col-xs-12 col-sm-6 contact_item\">\n    <div class=\"flexpotvrzeni\"><span class=\"wpcf7-form-control-wrap\" data-name=\"potvrzeni\"><span class=\"wpcf7-form-control wpcf7-acceptance\"><span class=\"wpcf7-list-item\"><label><input type=\"checkbox\" name=\"potvrzeni\" value=\"1\" aria-invalid=\"false\" \/><span class=\"wpcf7-list-item-label\">Potvrzujeme, \u017ee jsme se sezn\u00e1mili s informac\u00ed <a href=\"\/mevakvr\/zasady-ochrany-osobnich-udaju\/\">o zpracov\u00e1n\u00ed osobn\u00edch \u00fadaj\u016f<\/a>.<\/span><\/label><\/span><\/span><\/span><\/div>\n<\/div>\n\n<div class=\"col-xs-12 col-sm-6 contact_item\">\n    <input class=\"wpcf7-form-control wpcf7-submit has-spinner\" type=\"submit\" value=\"Odeslat\" \/>\n<\/div>\n<\/form>\n<\/div>\n<\/div>\n","protected":false},"excerpt":{"rendered":"","protected":false},"author":1,"featured_media":0,"parent":0,"menu_order":0,"comment_status":"closed","ping_status":"closed","template":"","meta":{"footnotes":""},"class_list":["post-71","page","type-page","status-publish","hentry"],"_links":{"self":[{"href":"https:\/\/www.interaktivni-formulare.cz\/mevakvr\/wp-json\/wp\/v2\/pages\/71","targetHints":{"allow":["GET"]}}],"collection":[{"href":"https:\/\/www.interaktivni-formulare.cz\/mevakvr\/wp-json\/wp\/v2\/pages"}],"about":[{"href":"https:\/\/www.interaktivni-formulare.cz\/mevakvr\/wp-json\/wp\/v2\/types\/page"}],"author":[{"embeddable":true,"href":"https:\/\/www.interaktivni-formulare.cz\/mevakvr\/wp-json\/wp\/v2\/users\/1"}],"replies":[{"embeddable":true,"href":"https:\/\/www.interaktivni-formulare.cz\/mevakvr\/wp-json\/wp\/v2\/comments?post=71"}],"version-history":[{"count":2,"href":"https:\/\/www.interaktivni-formulare.cz\/mevakvr\/wp-json\/wp\/v2\/pages\/71\/revisions"}],"predecessor-version":[{"id":283,"href":"https:\/\/www.interaktivni-formulare.cz\/mevakvr\/wp-json\/wp\/v2\/pages\/71\/revisions\/283"}],"wp:attachment":[{"href":"https:\/\/www.interaktivni-formulare.cz\/mevakvr\/wp-json\/wp\/v2\/media?parent=71"}],"curies":[{"name":"wp","href":"https:\/\/api.w.org\/{rel}","templated":true}]}}