{"id":85,"date":"2022-08-21T09:39:00","date_gmt":"2022-08-21T07:39:00","guid":{"rendered":"https:\/\/www.interaktivni-formulare.cz\/mevakvr\/?page_id=85"},"modified":"2022-11-26T09:31:27","modified_gmt":"2022-11-26T08:31:27","slug":"objednavka-sluzeb-praci","status":"publish","type":"page","link":"https:\/\/www.interaktivni-formulare.cz\/mevakvr\/objednavka-sluzeb-praci\/","title":{"rendered":"Objedn\u00e1vka slu\u017eeb \/ prac\u00ed"},"content":{"rendered":"\n<div class=\"wp-block-contact-form-7-contact-form-selector\">\n<div class=\"wpcf7 no-js\" id=\"wpcf7-f87-o1\" lang=\"cs-CZ\" dir=\"ltr\" data-wpcf7-id=\"87\">\n<div class=\"screen-reader-response\"><p role=\"status\" aria-live=\"polite\" aria-atomic=\"true\"><\/p> <ul><\/ul><\/div>\n<form action=\"\/mevakvr\/wp-json\/wp\/v2\/pages\/85#wpcf7-f87-o1\" method=\"post\" class=\"wpcf7-form init\" aria-label=\"Kontaktn\u00ed formul\u00e1\u0159\" novalidate=\"novalidate\" data-status=\"init\">\n<fieldset class=\"hidden-fields-container\"><input type=\"hidden\" name=\"_wpcf7\" value=\"87\" \/><input type=\"hidden\" name=\"_wpcf7_version\" value=\"6.1.5\" \/><input type=\"hidden\" name=\"_wpcf7_locale\" value=\"cs_CZ\" \/><input type=\"hidden\" name=\"_wpcf7_unit_tag\" value=\"wpcf7-f87-o1\" \/><input type=\"hidden\" name=\"_wpcf7_container_post\" value=\"0\" \/><input type=\"hidden\" name=\"_wpcf7_posted_data_hash\" value=\"\" \/><input type=\"hidden\" name=\"_wpcf7cf_hidden_group_fields\" value=\"[]\" \/><input type=\"hidden\" name=\"_wpcf7cf_hidden_groups\" value=\"[]\" \/><input type=\"hidden\" name=\"_wpcf7cf_visible_groups\" value=\"[]\" \/><input type=\"hidden\" name=\"_wpcf7cf_repeaters\" value=\"[]\" \/><input type=\"hidden\" name=\"_wpcf7cf_steps\" value=\"{}\" \/><input type=\"hidden\" name=\"_wpcf7cf_options\" value=\"{&quot;form_id&quot;:87,&quot;conditions&quot;:[],&quot;settings&quot;:{&quot;animation&quot;:&quot;yes&quot;,&quot;animation_intime&quot;:200,&quot;animation_outtime&quot;:200,&quot;conditions_ui&quot;:&quot;normal&quot;,&quot;notice_dismissed&quot;:true}}\" \/>\n<\/fieldset>\n<div class=\"wpcf7-turnstile cf-turnstile\" data-sitekey=\"0x4AAAAAACuHYMOHG8zefOXx\" data-response-field-name=\"_wpcf7_turnstile_response\"><\/div>\n\n<div class=\"block_kontakt\">\n    \n<div class=\"col-xs-12\"><h3>Dodavatel slu\u017eby \/ pr\u00e1ce<\/h3><\/div>\n    \n<div class=\"col-xs-12\">\n    <ul>\n        <li>M\u011bstsk\u00e9 vodovody a kanalizace Vrchlab\u00ed, p\u0159\u00edsp\u011bvkov\u00e1 organizace<\/li>\n        <li>N\u00e1dra\u017en\u00ed 832,  543 01  Vrchlab\u00ed<\/li>\n        <li>I\u010cO: 49290240, DI\u010c: CZ49290240, Telefon: 499 421 304<\/li>\n    <\/ul>\n<\/div>\n    \n<div class=\"col-xs-12\"><h3>Odb\u011bratel slu\u017eby \/ pr\u00e1ce<\/h3><\/div>\n    \n<div class=\"col-xs-12 col-sm-6 contact_item\">\n<label>Jm\u00e9no a p\u0159\u00edjmen\u00ed \/ Organizace: <span class=\"znak\">*<\/span>\n    <span class=\"wpcf7-form-control-wrap\" data-name=\"jmeno_a_prijmeni\"><input size=\"40\" maxlength=\"400\" class=\"wpcf7-form-control wpcf7-text wpcf7-validates-as-required\" aria-required=\"true\" aria-invalid=\"false\" value=\"\" type=\"text\" name=\"jmeno_a_prijmeni\" \/><\/span> <\/label>\n<\/div>\n\n<div class=\"col-xs-12 col-sm-6 contact_item\">\n<label>Adresa: <span class=\"znak\">*<\/span>\n    <span class=\"wpcf7-form-control-wrap\" data-name=\"Adresa\"><input size=\"40\" maxlength=\"400\" class=\"wpcf7-form-control wpcf7-text wpcf7-validates-as-required\" aria-required=\"true\" aria-invalid=\"false\" value=\"\" type=\"text\" name=\"Adresa\" \/><\/span> <\/label>\n<\/div>\n\n<div class=\"col-xs-12 col-sm-6 contact_item\">\n<label>E-mail:\n    <span class=\"wpcf7-form-control-wrap\" data-name=\"email\"><input size=\"40\" maxlength=\"400\" class=\"wpcf7-form-control wpcf7-email wpcf7-text wpcf7-validates-as-email\" aria-invalid=\"false\" value=\"\" type=\"email\" name=\"email\" \/><\/span> <\/label>\n<\/div>\n    \n<div class=\"col-xs-12 col-sm-6 contact_item\">\n<label>I\u010cO \/ Datum narozen\u00ed: <span class=\"znak\">*<\/span>\n    <span class=\"wpcf7-form-control-wrap\" data-name=\"ico_datum\"><input size=\"40\" maxlength=\"400\" class=\"wpcf7-form-control wpcf7-text wpcf7-validates-as-required\" aria-required=\"true\" aria-invalid=\"false\" value=\"\" type=\"text\" name=\"ico_datum\" \/><\/span> <\/label>\n<\/div>\n    \n<div class=\"col-xs-12 col-sm-6 contact_item\">\n<label>Telefon: <span class=\"znak\">*<\/span>\n    <span class=\"wpcf7-form-control-wrap\" data-name=\"telefon\"><input size=\"40\" maxlength=\"400\" class=\"wpcf7-form-control wpcf7-tel wpcf7-validates-as-required wpcf7-text wpcf7-validates-as-tel\" aria-required=\"true\" aria-invalid=\"false\" value=\"\" type=\"tel\" name=\"telefon\" \/><\/span> <\/label>\n<\/div>\n\n<div class=\"col-xs-12 col-sm-6 contact_item\">\n<label>Bankovn\u00ed spojen\u00ed:\n    <span class=\"wpcf7-form-control-wrap\" data-name=\"bankovni_spojeni\"><input size=\"40\" maxlength=\"400\" class=\"wpcf7-form-control wpcf7-text\" aria-invalid=\"false\" value=\"\" type=\"text\" name=\"bankovni_spojeni\" \/><\/span> <\/label>\n<\/div>\n    \n<\/div>\n\n<div class=\"block_kontakt\">\n\n<div class=\"col-xs-12 contact_item_textarea\">\n<label>Popis slu\u017eby \/ Pr\u00e1ce: <span class=\"znak\">*<\/span>\n    <span class=\"wpcf7-form-control-wrap\" data-name=\"popis_sluzby_prace\"><textarea cols=\"40\" rows=\"10\" maxlength=\"2000\" class=\"wpcf7-form-control wpcf7-textarea wpcf7-validates-as-required\" aria-required=\"true\" aria-invalid=\"false\" name=\"popis_sluzby_prace\"><\/textarea><\/span> <\/label>\n<\/div>\n\n<\/div>\n\n<div class=\"block_kontakt\">\n\n<div class=\"col-xs-12\">\n        <div class=\"wpcf7-response-output\" aria-hidden=\"true\"><\/div>\n<\/div>\n\n<div class=\"col-xs-12 col-sm-6 contact_item\">\n<div class=\"flexpotvrzeni\"><span class=\"wpcf7-form-control-wrap\" data-name=\"potvrzeni\"><span class=\"wpcf7-form-control wpcf7-acceptance\"><span class=\"wpcf7-list-item\"><label><input type=\"checkbox\" name=\"potvrzeni\" value=\"1\" aria-invalid=\"false\" \/><span class=\"wpcf7-list-item-label\">Potvrzujeme, \u017ee jsme se sezn\u00e1mili s informac\u00ed <a href=\"\/mevakvr\/zasady-ochrany-osobnich-udaju\/\">o zpracov\u00e1n\u00ed osobn\u00edch \u00fadaj\u016f<\/a>.<\/span><\/label><\/span><\/span><\/span><\/div>\n<\/div>\n\n<div class=\"col-xs-12 col-sm-6 contact_item\">\n<input class=\"wpcf7-form-control wpcf7-submit has-spinner\" type=\"submit\" value=\"Odeslat\" \/>\n<\/div>\n    \n<\/div>\n<\/form>\n<\/div>\n<\/div>\n","protected":false},"excerpt":{"rendered":"","protected":false},"author":1,"featured_media":0,"parent":0,"menu_order":0,"comment_status":"closed","ping_status":"closed","template":"","meta":{"footnotes":""},"class_list":["post-85","page","type-page","status-publish","hentry"],"_links":{"self":[{"href":"https:\/\/www.interaktivni-formulare.cz\/mevakvr\/wp-json\/wp\/v2\/pages\/85","targetHints":{"allow":["GET"]}}],"collection":[{"href":"https:\/\/www.interaktivni-formulare.cz\/mevakvr\/wp-json\/wp\/v2\/pages"}],"about":[{"href":"https:\/\/www.interaktivni-formulare.cz\/mevakvr\/wp-json\/wp\/v2\/types\/page"}],"author":[{"embeddable":true,"href":"https:\/\/www.interaktivni-formulare.cz\/mevakvr\/wp-json\/wp\/v2\/users\/1"}],"replies":[{"embeddable":true,"href":"https:\/\/www.interaktivni-formulare.cz\/mevakvr\/wp-json\/wp\/v2\/comments?post=85"}],"version-history":[{"count":3,"href":"https:\/\/www.interaktivni-formulare.cz\/mevakvr\/wp-json\/wp\/v2\/pages\/85\/revisions"}],"predecessor-version":[{"id":267,"href":"https:\/\/www.interaktivni-formulare.cz\/mevakvr\/wp-json\/wp\/v2\/pages\/85\/revisions\/267"}],"wp:attachment":[{"href":"https:\/\/www.interaktivni-formulare.cz\/mevakvr\/wp-json\/wp\/v2\/media?parent=85"}],"curies":[{"name":"wp","href":"https:\/\/api.w.org\/{rel}","templated":true}]}}